{"id":4159,"date":"2019-05-16T17:27:24","date_gmt":"2019-05-16T15:27:24","guid":{"rendered":"https:\/\/www.cobe.fr\/?post_type=portfolio-item&#038;p=4159"},"modified":"2026-04-20T18:14:18","modified_gmt":"2026-04-20T16:14:18","slug":"zac-sud-chanteraines-genevilliers","status":"publish","type":"portfolio-item","link":"https:\/\/cobe.fr\/pt\/portfolio-item\/zac-sud-chanteraines-genevilliers\/","title":{"rendered":"Zac Sud Chanteraines - Gennevilliers (92)"},"content":{"rendered":"<h2 class=\"wp-block-heading has-text-align-center has-medium-font-size\"><strong>Convers\u00e3o urbana do parque empresarial Chanteraines<\/strong><\/h2>\n\n\n\n<div style=\"height:20px\" aria-hidden=\"true\" class=\"wp-block-spacer\"><\/div>\n\n\n\n<div class=\"wp-block-responsive-block-editor-addons-advance-columns alignwide block-844e2355-1b30-448e-ab2c-0d58ed5f8b04 responsive-block-editor-addons-advanced-column-outer-wrap wide\"><div class=\"responsive-block-editor-addons-advanced-column alignwide\"><div class=\"responsive-columns-wrap responsive-block-editor-addons-block-columns responsive-columns__gap-default responsive-columns__stack-mobile responsive-columns__content-width-theme overlay-type-color linear\"><div class=\"responsive-columns-inner-wrap responsive-columns-columns-3\">\n<div class=\"wp-block-responsive-block-editor-addons-column responsive-block-editor-addons-advanced-column-child block-31759ce9-4ed1-4fd0-8010-b5e88c5949ab\"><div class=\"responsive-column-wrap responsive-block-editor-addons-block-column\"><div class=\"responsive-column-inner-wrap overlay-type-color linear\"><\/div><\/div><\/div>\n\n\n\n<div class=\"wp-block-responsive-block-editor-addons-column responsive-block-editor-addons-advanced-column-child block-dd8b93b0-cb3b-48e9-a0a4-d2e1fdca6777\"><div class=\"responsive-column-wrap responsive-block-editor-addons-block-column\"><div class=\"responsive-column-inner-wrap overlay-type-color linear\">\n<p><strong>A partir de um territ\u00f3rio que serve a cidade mista de amanh\u00e3, a ZAC Sud Chanteraines em Gennevilliers reabilita a cidade num parque empresarial envelhecido, oferecendo densidade, mistura e intensidade. <\/strong><\/p>\n<\/div><\/div><\/div>\n\n\n\n<div class=\"wp-block-responsive-block-editor-addons-column responsive-block-editor-addons-advanced-column-child block-089edef4-7e9a-4948-8272-8cbed740f3f1\"><div class=\"responsive-column-wrap responsive-block-editor-addons-block-column\"><div class=\"responsive-column-inner-wrap overlay-type-color linear\"><\/div><\/div><\/div>\n<\/div><\/div><\/div><\/div>\n\n\n\n<div style=\"height:40px\" aria-hidden=\"true\" class=\"wp-block-spacer\"><\/div>\n\n\n\n<figure class=\"wp-block-image aligncenter size-large\"><img loading=\"lazy\" decoding=\"async\" width=\"1024\" height=\"776\" src=\"https:\/\/cobe.fr\/wp-content\/uploads\/2022\/08\/CDD-CDI-UP-paysage-1024x776.jpg\" alt=\"Gennevilliers - ZAC Sud Chanteraines\" class=\"wp-image-9382\" srcset=\"https:\/\/cobe.fr\/wp-content\/uploads\/2022\/08\/CDD-CDI-UP-paysage-1024x776.jpg 1024w, https:\/\/cobe.fr\/wp-content\/uploads\/2022\/08\/CDD-CDI-UP-paysage-300x227.jpg 300w, https:\/\/cobe.fr\/wp-content\/uploads\/2022\/08\/CDD-CDI-UP-paysage-768x582.jpg 768w, https:\/\/cobe.fr\/wp-content\/uploads\/2022\/08\/CDD-CDI-UP-paysage-16x12.jpg 16w, https:\/\/cobe.fr\/wp-content\/uploads\/2022\/08\/CDD-CDI-UP-paysage-500x379.jpg 500w, https:\/\/cobe.fr\/wp-content\/uploads\/2022\/08\/CDD-CDI-UP-paysage-800x606.jpg 800w, https:\/\/cobe.fr\/wp-content\/uploads\/2022\/08\/CDD-CDI-UP-paysage-1280x970.jpg 1280w, https:\/\/cobe.fr\/wp-content\/uploads\/2022\/08\/CDD-CDI-UP-paysage.jpg 1363w\" sizes=\"auto, (max-width: 1024px) 100vw, 1024px\" \/><\/figure>\n\n\n\n<div class=\"wp-block-responsive-block-editor-addons-advance-columns alignwide block-cca9a2ac-bd08-4280-ab81-e1cacbe21c48 responsive-block-editor-addons-advanced-column-outer-wrap wide\"><div class=\"responsive-block-editor-addons-advanced-column alignwide\"><div class=\"responsive-columns-wrap responsive-block-editor-addons-block-columns responsive-columns__gap-default responsive-columns__stack-mobile responsive-columns__content-width-theme overlay-type-color linear\"><div class=\"responsive-columns-inner-wrap responsive-columns-columns-3\">\n<div class=\"wp-block-responsive-block-editor-addons-column responsive-block-editor-addons-advanced-column-child block-f5f1c28f-4231-4a1f-8271-1c535f8b9962\"><div class=\"responsive-column-wrap responsive-block-editor-addons-block-column\"><div class=\"responsive-column-inner-wrap overlay-type-color linear\"><\/div><\/div><\/div>\n\n\n\n<div class=\"wp-block-responsive-block-editor-addons-column responsive-block-editor-addons-advanced-column-child block-004c5795-1f71-44fe-afad-ce9edd4166b4\"><div class=\"responsive-column-wrap responsive-block-editor-addons-block-column\"><div class=\"responsive-column-inner-wrap overlay-type-color linear\">\n<p>O objetivo da programa\u00e7\u00e3o \u00e9 refor\u00e7ar a oferta de alojamento e o tecido econ\u00f3mico, nomeadamente em rela\u00e7\u00e3o \u00e0 proximidade direta da esta\u00e7\u00e3o RER de Gennevilliers e do el\u00e9trico.<\/p>\n<\/div><\/div><\/div>\n\n\n\n<div class=\"wp-block-responsive-block-editor-addons-column responsive-block-editor-addons-advanced-column-child block-58228ac0-ded7-4b52-ab09-dcbedf56d2fa\"><div class=\"responsive-column-wrap responsive-block-editor-addons-block-column\"><div class=\"responsive-column-inner-wrap overlay-type-color linear\"><\/div><\/div><\/div>\n<\/div><\/div><\/div><\/div>\n\n\n\n<figure class=\"wp-block-image aligncenter size-large\"><img alt=\"Zac,gennevilliers,gest\u00e3o de projectos,espa\u00e7o p\u00fablico\" loading=\"lazy\" decoding=\"async\" width=\"1024\" height=\"611\" src=\"https:\/\/cobe.fr\/wp-content\/uploads\/2019\/05\/CoBe-Chanteraines-Gennevilliers-Perspective--1024x611.jpg\" class=\"wp-image-13802\" srcset=\"https:\/\/cobe.fr\/wp-content\/uploads\/2019\/05\/CoBe-Chanteraines-Gennevilliers-Perspective--1024x611.jpg 1024w, https:\/\/cobe.fr\/wp-content\/uploads\/2019\/05\/CoBe-Chanteraines-Gennevilliers-Perspective--300x179.jpg 300w, https:\/\/cobe.fr\/wp-content\/uploads\/2019\/05\/CoBe-Chanteraines-Gennevilliers-Perspective--768x458.jpg 768w, https:\/\/cobe.fr\/wp-content\/uploads\/2019\/05\/CoBe-Chanteraines-Gennevilliers-Perspective--18x12.jpg 18w, https:\/\/cobe.fr\/wp-content\/uploads\/2019\/05\/CoBe-Chanteraines-Gennevilliers-Perspective--500x298.jpg 500w, https:\/\/cobe.fr\/wp-content\/uploads\/2019\/05\/CoBe-Chanteraines-Gennevilliers-Perspective--800x477.jpg 800w, https:\/\/cobe.fr\/wp-content\/uploads\/2019\/05\/CoBe-Chanteraines-Gennevilliers-Perspective-.jpg 1098w\" sizes=\"auto, (max-width: 1024px) 100vw, 1024px\" \/><\/figure>\n\n\n\n<div class=\"wp-block-responsive-block-editor-addons-advance-columns alignwide block-6ce36cc3-8fda-4f23-9e9b-0baed7a861e9 responsive-block-editor-addons-advanced-column-outer-wrap wide\"><div class=\"responsive-block-editor-addons-advanced-column alignwide\"><div class=\"responsive-columns-wrap responsive-block-editor-addons-block-columns responsive-columns__gap-default responsive-columns__stack-mobile responsive-columns__content-width-theme overlay-type-color linear\"><div class=\"responsive-columns-inner-wrap responsive-columns-columns-3\">\n<div class=\"wp-block-responsive-block-editor-addons-column responsive-block-editor-addons-advanced-column-child block-612e2c2e-45d2-4c48-a10e-05da3f65da29\"><div class=\"responsive-column-wrap responsive-block-editor-addons-block-column\"><div class=\"responsive-column-inner-wrap overlay-type-color linear\"><\/div><\/div><\/div>\n\n\n\n<div class=\"wp-block-responsive-block-editor-addons-column responsive-block-editor-addons-advanced-column-child block-7975ab4c-c985-4c06-aefc-4f1cbe1ed9e2\"><div class=\"responsive-column-wrap responsive-block-editor-addons-block-column\"><div class=\"responsive-column-inner-wrap overlay-type-color linear\">\n<p>A especificidade do projeto \u00e9 que ele est\u00e1 localizado em um dos loops do Sena. A sua localiza\u00e7\u00e3o no leito do grande rio exigir\u00e1 uma resposta ao risco de inunda\u00e7\u00f5es e um questionamento da resili\u00eancia da cidade em rela\u00e7\u00e3o \u00e0 \u00e1gua.<\/p>\n<\/div><\/div><\/div>\n\n\n\n<div class=\"wp-block-responsive-block-editor-addons-column responsive-block-editor-addons-advanced-column-child block-f486f311-6d1a-4302-9d6a-27c5dc20ee5a\"><div class=\"responsive-column-wrap responsive-block-editor-addons-block-column\"><div class=\"responsive-column-inner-wrap overlay-type-color linear\"><\/div><\/div><\/div>\n<\/div><\/div><\/div><\/div>\n\n\n\n<figure class=\"wp-block-image aligncenter size-large\"><img alt=\"Zac,gennevilliers,gest\u00e3o de projectos,espa\u00e7o p\u00fablico\" loading=\"lazy\" decoding=\"async\" width=\"1024\" height=\"682\" src=\"https:\/\/cobe.fr\/wp-content\/uploads\/2019\/05\/CoBe-Chanteraines-Gennevilliers-Plan-Masse--1024x682.jpg\" class=\"wp-image-13801\" srcset=\"https:\/\/cobe.fr\/wp-content\/uploads\/2019\/05\/CoBe-Chanteraines-Gennevilliers-Plan-Masse--1024x682.jpg 1024w, https:\/\/cobe.fr\/wp-content\/uploads\/2019\/05\/CoBe-Chanteraines-Gennevilliers-Plan-Masse--300x200.jpg 300w, https:\/\/cobe.fr\/wp-content\/uploads\/2019\/05\/CoBe-Chanteraines-Gennevilliers-Plan-Masse--768x511.jpg 768w, https:\/\/cobe.fr\/wp-content\/uploads\/2019\/05\/CoBe-Chanteraines-Gennevilliers-Plan-Masse--18x12.jpg 18w, https:\/\/cobe.fr\/wp-content\/uploads\/2019\/05\/CoBe-Chanteraines-Gennevilliers-Plan-Masse--500x333.jpg 500w, https:\/\/cobe.fr\/wp-content\/uploads\/2019\/05\/CoBe-Chanteraines-Gennevilliers-Plan-Masse--800x533.jpg 800w, https:\/\/cobe.fr\/wp-content\/uploads\/2019\/05\/CoBe-Chanteraines-Gennevilliers-Plan-Masse-.jpg 1098w\" sizes=\"auto, (max-width: 1024px) 100vw, 1024px\" \/><\/figure>\n\n\n\n<div style=\"height:30px\" aria-hidden=\"true\" class=\"wp-block-spacer\"><\/div>\n\n\n\n<div style=\"height:30px\" aria-hidden=\"true\" class=\"wp-block-spacer\"><\/div>\n\n\n\n<div class=\"wp-block-group is-vertical is-content-justification-center is-layout-flex wp-container-core-group-is-layout-ce155fab wp-block-group-is-layout-flex\">\n<h3 class=\"wp-block-heading\">Ficha de refer\u00eancia<\/h3>\n\n\n\n<p class=\"has-text-align-center\"><strong>Cliente<\/strong><br>SEMAG 92<\/p>\n\n\n\n<p class=\"has-text-align-center\"><strong>Gest\u00e3o de projectos<\/strong><br>Empreiteiro CoBe Urbanisme<br>EPDC, VRD<br>IETI, Ambiente<\/p>\n\n\n\n<p class=\"has-text-align-center\"><strong>Miss\u00e3o CoBe<\/strong><br><strong>Urbanismo<\/strong> Gest\u00e3o do projeto urbano para o desenvolvimento da ZAC (zona de desenvolvimento misto)<br><strong>Paisagismo <\/strong>Gest\u00e3o completa de projectos para espa\u00e7os p\u00fablicos<\/p>\n\n\n\n<p class=\"has-text-align-center\"><strong>Programa<\/strong><br>Reconvers\u00e3o do parque comercial de Chanteraines <br>num bairro urbano misto com um ambiente natural <br>como elemento estruturante do projeto urbano.<br>Capacidade total de constru\u00e7\u00e3o da ZAC 313.000 m2<br>Zona de desenvolvimento misto: 131.000m\u00b2 de habita\u00e7\u00e3o, 50.400m\u00b2 de escrit\u00f3rios, <br>75.100m\u00b2 de ind\u00fastria, 6.500m\u00b2 de equipamentos p\u00fablicos,<br> 50.000m\u00b2 de lojas e servi\u00e7os.<\/p>\n\n\n\n<p class=\"has-text-align-center\"><strong>Superf\u00edcie<\/strong><br>32 ha<\/p>\n\n\n\n<p class=\"has-text-align-center\"><strong>Custo<\/strong><br>27 milh\u00f5es, excluindo IVA (Fase 1)<\/p>\n\n\n\n<p class=\"has-text-align-center\"><strong>Fase<\/strong><br>As obras da fase 1 dos espa\u00e7os p\u00fablicos est\u00e3o em curso, <br>Progresso dos lotes do PC para o estaleiro<\/p>\n\n\n\n<p class=\"has-text-align-center\"><strong>Perspectiva<\/strong><br>LOUKAT<\/p>\n<\/div>\n\n\n\n<p><\/p>","protected":false},"excerpt":{"rendered":"<p>Reconversion urbaine de la zone d\u2019activit\u00e9 de Chanteraines Fiche technique Ma\u00eetrise d\u2019ouvrageSEMAG 92 Maitrise d&rsquo;\u0153uvreCoBe Urbanisme MandataireEPDC, VRDIETI, Environnement Mission CoBeUrbanisme : ma\u00eetrise d\u2019\u0153uvre urbaine pour l&rsquo;am\u00e9nagement de la ZACPaysage : Mission compl\u00e8te de ma\u00eetrise d\u2019\u0153uvre des espaces publics ProgrammeReconversion de la zone d\u2019activit\u00e9 de Chanteraines en quartier urbain mixte int\u00e9grant la place de la [&hellip;]<\/p>\n","protected":false},"author":1,"featured_media":9117,"menu_order":0,"template":"","format":"standard","meta":{"_seopress_robots_primary_cat":"","_seopress_titles_title":"ZAC Chanteraines \u00e0 Gennevilliers","_seopress_titles_desc":"CoBe laur\u00e9at, urbaniste de la Zac Sud Chanteraines \u00e0 Gennevilliers avec mission de maitrise d\u2019\u0153uvre des espaces publics","_seopress_robots_index":"","_vp_format_video_url":"","_vp_image_focal_point":[],"footnotes":""},"categories":[40,75,25,73,38,26,22,67,28,36,72],"class_list":["post-4159","portfolio-item","type-portfolio-item","status-publish","format-standard","has-post-thumbnail","hentry","category-coordination","category-coordination-architecturale","category-espace-public","category-espaces-publics","category-nouveaux-quartiers","category-parc-et-jardin","category-paysage","category-projets-agence-cobe","category-projets","category-urbanisme","category-urbanisme-paysage"],"blocksy_meta":{"styles_descriptor":{"styles":{"desktop":"","tablet":"","mobile":""},"google_fonts":[],"version":6}},"_links":{"self":[{"href":"https:\/\/cobe.fr\/pt\/wp-json\/wp\/v2\/portfolio-item\/4159","targetHints":{"allow":["GET"]}}],"collection":[{"href":"https:\/\/cobe.fr\/pt\/wp-json\/wp\/v2\/portfolio-item"}],"about":[{"href":"https:\/\/cobe.fr\/pt\/wp-json\/wp\/v2\/types\/portfolio-item"}],"author":[{"embeddable":true,"href":"https:\/\/cobe.fr\/pt\/wp-json\/wp\/v2\/users\/1"}],"version-history":[{"count":9,"href":"https:\/\/cobe.fr\/pt\/wp-json\/wp\/v2\/portfolio-item\/4159\/revisions"}],"predecessor-version":[{"id":13820,"href":"https:\/\/cobe.fr\/pt\/wp-json\/wp\/v2\/portfolio-item\/4159\/revisions\/13820"}],"wp:featuredmedia":[{"embeddable":true,"href":"https:\/\/cobe.fr\/pt\/wp-json\/wp\/v2\/media\/9117"}],"wp:attachment":[{"href":"https:\/\/cobe.fr\/pt\/wp-json\/wp\/v2\/media?parent=4159"}],"wp:term":[{"taxonomy":"category","embeddable":true,"href":"https:\/\/cobe.fr\/pt\/wp-json\/wp\/v2\/categories?post=4159"}],"curies":[{"name":"wp","href":"https:\/\/api.w.org\/{rel}","templated":true}]}}

<h2 class="wp-block-heading has-text-align-center has-medium-font-size"><strong>Conversão urbana do parque empresarial Chanteraines</strong></h2>



<div style="height:20px" aria-hidden="true" class="wp-block-spacer"></div>



<div class="wp-block-responsive-block-editor-addons-advance-columns alignwide block-844e2355-1b30-448e-ab2c-0d58ed5f8b04 responsive-block-editor-addons-advanced-column-outer-wrap wide"><div class="responsive-block-editor-addons-advanced-column alignwide"><div class="responsive-columns-wrap responsive-block-editor-addons-block-columns responsive-columns__gap-default responsive-columns__stack-mobile responsive-columns__content-width-theme overlay-type-color linear"><div class="responsive-columns-inner-wrap responsive-columns-columns-3">
<div class="wp-block-responsive-block-editor-addons-column responsive-block-editor-addons-advanced-column-child block-31759ce9-4ed1-4fd0-8010-b5e88c5949ab"><div class="responsive-column-wrap responsive-block-editor-addons-block-column"><div class="responsive-column-inner-wrap overlay-type-color linear"></div></div></div>



<div class="wp-block-responsive-block-editor-addons-column responsive-block-editor-addons-advanced-column-child block-dd8b93b0-cb3b-48e9-a0a4-d2e1fdca6777"><div class="responsive-column-wrap responsive-block-editor-addons-block-column"><div class="responsive-column-inner-wrap overlay-type-color linear">
<p><strong>A partir de um território que serve a cidade mista de amanhã, a ZAC Sud Chanteraines em Gennevilliers reabilita a cidade num parque empresarial envelhecido, oferecendo densidade, mistura e intensidade. </strong></p>
</div></div></div>



<div class="wp-block-responsive-block-editor-addons-column responsive-block-editor-addons-advanced-column-child block-089edef4-7e9a-4948-8272-8cbed740f3f1"><div class="responsive-column-wrap responsive-block-editor-addons-block-column"><div class="responsive-column-inner-wrap overlay-type-color linear"></div></div></div>
</div></div></div></div>



<div style="height:40px" aria-hidden="true" class="wp-block-spacer"></div>



<figure class="wp-block-image aligncenter size-large"><img loading="lazy" decoding="async" width="1024" height="776" src="https://cobe.fr/wp-content/uploads/2022/08/CDD-CDI-UP-paysage-1024x776.jpg" alt="Gennevilliers - ZAC Sud Chanteraines" class="wp-image-9382" srcset="https://cobe.fr/wp-content/uploads/2022/08/CDD-CDI-UP-paysage-1024x776.jpg 1024w, https://cobe.fr/wp-content/uploads/2022/08/CDD-CDI-UP-paysage-300x227.jpg 300w, https://cobe.fr/wp-content/uploads/2022/08/CDD-CDI-UP-paysage-768x582.jpg 768w, https://cobe.fr/wp-content/uploads/2022/08/CDD-CDI-UP-paysage-16x12.jpg 16w, https://cobe.fr/wp-content/uploads/2022/08/CDD-CDI-UP-paysage-500x379.jpg 500w, https://cobe.fr/wp-content/uploads/2022/08/CDD-CDI-UP-paysage-800x606.jpg 800w, https://cobe.fr/wp-content/uploads/2022/08/CDD-CDI-UP-paysage-1280x970.jpg 1280w, https://cobe.fr/wp-content/uploads/2022/08/CDD-CDI-UP-paysage.jpg 1363w" sizes="auto, (max-width: 1024px) 100vw, 1024px" /></figure>



<div class="wp-block-responsive-block-editor-addons-advance-columns alignwide block-cca9a2ac-bd08-4280-ab81-e1cacbe21c48 responsive-block-editor-addons-advanced-column-outer-wrap wide"><div class="responsive-block-editor-addons-advanced-column alignwide"><div class="responsive-columns-wrap responsive-block-editor-addons-block-columns responsive-columns__gap-default responsive-columns__stack-mobile responsive-columns__content-width-theme overlay-type-color linear"><div class="responsive-columns-inner-wrap responsive-columns-columns-3">
<div class="wp-block-responsive-block-editor-addons-column responsive-block-editor-addons-advanced-column-child block-f5f1c28f-4231-4a1f-8271-1c535f8b9962"><div class="responsive-column-wrap responsive-block-editor-addons-block-column"><div class="responsive-column-inner-wrap overlay-type-color linear"></div></div></div>



<div class="wp-block-responsive-block-editor-addons-column responsive-block-editor-addons-advanced-column-child block-004c5795-1f71-44fe-afad-ce9edd4166b4"><div class="responsive-column-wrap responsive-block-editor-addons-block-column"><div class="responsive-column-inner-wrap overlay-type-color linear">
<p>O objetivo da programação é reforçar a oferta de alojamento e o tecido económico, nomeadamente em relação à proximidade direta da estação RER de Gennevilliers e do elétrico.</p>
</div></div></div>



<div class="wp-block-responsive-block-editor-addons-column responsive-block-editor-addons-advanced-column-child block-58228ac0-ded7-4b52-ab09-dcbedf56d2fa"><div class="responsive-column-wrap responsive-block-editor-addons-block-column"><div class="responsive-column-inner-wrap overlay-type-color linear"></div></div></div>
</div></div></div></div>



<figure class="wp-block-image aligncenter size-large"><img alt="Zac,gennevilliers,gestão de projectos,espaço público" loading="lazy" decoding="async" width="1024" height="611" src="https://cobe.fr/wp-content/uploads/2019/05/CoBe-Chanteraines-Gennevilliers-Perspective--1024x611.jpg" class="wp-image-13802" srcset="https://cobe.fr/wp-content/uploads/2019/05/CoBe-Chanteraines-Gennevilliers-Perspective--1024x611.jpg 1024w, https://cobe.fr/wp-content/uploads/2019/05/CoBe-Chanteraines-Gennevilliers-Perspective--300x179.jpg 300w, https://cobe.fr/wp-content/uploads/2019/05/CoBe-Chanteraines-Gennevilliers-Perspective--768x458.jpg 768w, https://cobe.fr/wp-content/uploads/2019/05/CoBe-Chanteraines-Gennevilliers-Perspective--18x12.jpg 18w, https://cobe.fr/wp-content/uploads/2019/05/CoBe-Chanteraines-Gennevilliers-Perspective--500x298.jpg 500w, https://cobe.fr/wp-content/uploads/2019/05/CoBe-Chanteraines-Gennevilliers-Perspective--800x477.jpg 800w, https://cobe.fr/wp-content/uploads/2019/05/CoBe-Chanteraines-Gennevilliers-Perspective-.jpg 1098w" sizes="auto, (max-width: 1024px) 100vw, 1024px" /></figure>



<div class="wp-block-responsive-block-editor-addons-advance-columns alignwide block-6ce36cc3-8fda-4f23-9e9b-0baed7a861e9 responsive-block-editor-addons-advanced-column-outer-wrap wide"><div class="responsive-block-editor-addons-advanced-column alignwide"><div class="responsive-columns-wrap responsive-block-editor-addons-block-columns responsive-columns__gap-default responsive-columns__stack-mobile responsive-columns__content-width-theme overlay-type-color linear"><div class="responsive-columns-inner-wrap responsive-columns-columns-3">
<div class="wp-block-responsive-block-editor-addons-column responsive-block-editor-addons-advanced-column-child block-612e2c2e-45d2-4c48-a10e-05da3f65da29"><div class="responsive-column-wrap responsive-block-editor-addons-block-column"><div class="responsive-column-inner-wrap overlay-type-color linear"></div></div></div>



<div class="wp-block-responsive-block-editor-addons-column responsive-block-editor-addons-advanced-column-child block-7975ab4c-c985-4c06-aefc-4f1cbe1ed9e2"><div class="responsive-column-wrap responsive-block-editor-addons-block-column"><div class="responsive-column-inner-wrap overlay-type-color linear">
<p>A especificidade do projeto é que ele está localizado em um dos loops do Sena. A sua localização no leito do grande rio exigirá uma resposta ao risco de inundações e um questionamento da resiliência da cidade em relação à água.</p>
</div></div></div>



<div class="wp-block-responsive-block-editor-addons-column responsive-block-editor-addons-advanced-column-child block-f486f311-6d1a-4302-9d6a-27c5dc20ee5a"><div class="responsive-column-wrap responsive-block-editor-addons-block-column"><div class="responsive-column-inner-wrap overlay-type-color linear"></div></div></div>
</div></div></div></div>



<figure class="wp-block-image aligncenter size-large"><img alt="Zac,gennevilliers,gestão de projectos,espaço público" loading="lazy" decoding="async" width="1024" height="682" src="https://cobe.fr/wp-content/uploads/2019/05/CoBe-Chanteraines-Gennevilliers-Plan-Masse--1024x682.jpg" class="wp-image-13801" srcset="https://cobe.fr/wp-content/uploads/2019/05/CoBe-Chanteraines-Gennevilliers-Plan-Masse--1024x682.jpg 1024w, https://cobe.fr/wp-content/uploads/2019/05/CoBe-Chanteraines-Gennevilliers-Plan-Masse--300x200.jpg 300w, https://cobe.fr/wp-content/uploads/2019/05/CoBe-Chanteraines-Gennevilliers-Plan-Masse--768x511.jpg 768w, https://cobe.fr/wp-content/uploads/2019/05/CoBe-Chanteraines-Gennevilliers-Plan-Masse--18x12.jpg 18w, https://cobe.fr/wp-content/uploads/2019/05/CoBe-Chanteraines-Gennevilliers-Plan-Masse--500x333.jpg 500w, https://cobe.fr/wp-content/uploads/2019/05/CoBe-Chanteraines-Gennevilliers-Plan-Masse--800x533.jpg 800w, https://cobe.fr/wp-content/uploads/2019/05/CoBe-Chanteraines-Gennevilliers-Plan-Masse-.jpg 1098w" sizes="auto, (max-width: 1024px) 100vw, 1024px" /></figure>



<div style="height:30px" aria-hidden="true" class="wp-block-spacer"></div>



<div style="height:30px" aria-hidden="true" class="wp-block-spacer"></div>



<div class="wp-block-group is-vertical is-content-justification-center is-layout-flex wp-container-core-group-is-layout-ce155fab wp-block-group-is-layout-flex">
<h3 class="wp-block-heading">Ficha de referência</h3>



<p class="has-text-align-center"><strong>Cliente</strong><br>SEMAG 92</p>



<p class="has-text-align-center"><strong>Gestão de projectos</strong><br>Empreiteiro CoBe Urbanisme<br>EPDC, VRD<br>IETI, Ambiente</p>



<p class="has-text-align-center"><strong>Missão CoBe</strong><br><strong>Urbanismo</strong> Gestão do projeto urbano para o desenvolvimento da ZAC (zona de desenvolvimento misto)<br><strong>Paisagismo </strong>Gestão completa de projectos para espaços públicos</p>



<p class="has-text-align-center"><strong>Programa</strong><br>Reconversão do parque comercial de Chanteraines <br>num bairro urbano misto com um ambiente natural <br>como elemento estruturante do projeto urbano.<br>Capacidade total de construção da ZAC 313.000 m2<br>Zona de desenvolvimento misto: 131.000m² de habitação, 50.400m² de escritórios, <br>75.100m² de indústria, 6.500m² de equipamentos públicos,<br> 50.000m² de lojas e serviços.</p>



<p class="has-text-align-center"><strong>Superfície</strong><br>32 ha</p>



<p class="has-text-align-center"><strong>Custo</strong><br>27 milhões, excluindo IVA (Fase 1)</p>



<p class="has-text-align-center"><strong>Fase</strong><br>As obras da fase 1 dos espaços públicos estão em curso, <br>Progresso dos lotes do PC para o estaleiro</p>



<p class="has-text-align-center"><strong>Perspectiva</strong><br>LOUKAT</p>
</div>



<p></p>

<p>Reconversion urbaine de la zone d’activité de Chanteraines Fiche technique Maîtrise d’ouvrageSEMAG 92 Maitrise d&rsquo;œuvreCoBe Urbanisme MandataireEPDC, VRDIETI, Environnement Mission CoBeUrbanisme : maîtrise d’œuvre urbaine pour l&rsquo;aménagement de la ZACPaysage : Mission complète de maîtrise d’œuvre des espaces publics ProgrammeReconversion de la zone d’activité de Chanteraines en quartier urbain mixte intégrant la place de la [&hellip;]</p>

ZAC Chanteraines à Gennevilliers

CoBe lauréat, urbaniste de la Zac Sud Chanteraines à Gennevilliers avec mission de maitrise d’œuvre des espaces publics
