{"id":10048,"date":"2022-03-04T12:37:00","date_gmt":"2022-03-04T11:37:00","guid":{"rendered":"https:\/\/cobe.fr\/?post_type=portfolio-item&#038;p=10048"},"modified":"2026-03-17T10:49:07","modified_gmt":"2026-03-17T09:49:07","slug":"hotel-praca-da-batalha-porto-portugal","status":"publish","type":"portfolio-item","link":"https:\/\/cobe.fr\/es\/portfolio-item\/hotel-praca-da-batalha-porto-portugal\/","title":{"rendered":"Hotel Pra\u00e7a da Batalha - Oporto | Portugal"},"content":{"rendered":"<h2 class=\"wp-block-heading has-text-align-center\" style=\"font-size:clamp(14px, 0.875rem + ((1vw - 3.2px) * 0.234), 17px);\">Renovaci\u00f3n y conversi\u00f3n de una casa de pueblo en 10 viviendas - Oporto<\/h2>\n\n\n\n<div style=\"height:20px\" aria-hidden=\"true\" class=\"wp-block-spacer\"><\/div>\n\n\n\n<div class=\"wp-block-responsive-block-editor-addons-advance-columns alignwide block-9cfe57fa-9d90-42c7-8e60-fb290c9df050 responsive-block-editor-addons-advanced-column-outer-wrap wide\"><div class=\"responsive-block-editor-addons-advanced-column alignwide\"><div class=\"responsive-columns-wrap responsive-block-editor-addons-block-columns responsive-columns__gap-default responsive-columns__stack-mobile responsive-columns__content-width-theme overlay-type-color linear\"><div class=\"responsive-columns-inner-wrap responsive-columns-columns-3\">\n<div class=\"wp-block-responsive-block-editor-addons-column responsive-block-editor-addons-advanced-column-child block-d64ddfe5-8a7e-4266-ae99-c80057c669b9\"><div class=\"responsive-column-wrap responsive-block-editor-addons-block-column\"><div class=\"responsive-column-inner-wrap overlay-type-color linear\"><\/div><\/div><\/div>\n\n\n\n<div class=\"wp-block-responsive-block-editor-addons-column responsive-block-editor-addons-advanced-column-child block-906606cd-df15-4217-af02-64dac455b168\"><div class=\"responsive-column-wrap responsive-block-editor-addons-block-column\"><div class=\"responsive-column-inner-wrap overlay-type-color linear\">\n<p><strong>En el coraz\u00f3n de Oporto, en la plaza de Batalha, la agencia CoBe Portugal est\u00e1 rehabilitando un antiguo palacete. El objetivo de esta iniciativa es transformar el interior de este edificio en una residencia urbana contempor\u00e1nea.<\/strong><\/p>\n<\/div><\/div><\/div>\n\n\n\n<div class=\"wp-block-responsive-block-editor-addons-column responsive-block-editor-addons-advanced-column-child block-5cd6ac9f-c418-4d79-a8c1-f2427b4e06c0\"><div class=\"responsive-column-wrap responsive-block-editor-addons-block-column\"><div class=\"responsive-column-inner-wrap overlay-type-color linear\"><\/div><\/div><\/div>\n<\/div><\/div><\/div><\/div>\n\n\n\n<figure class=\"wp-block-image aligncenter size-large\"><img loading=\"lazy\" decoding=\"async\" width=\"1024\" height=\"761\" src=\"https:\/\/cobe.fr\/wp-content\/uploads\/2022\/10\/aerea_2021-07-02-1-1024x761.jpg\" alt=\"CoBe - Hotel Pra\u00e7a da Batalha Oporto\" class=\"wp-image-10050\" srcset=\"https:\/\/cobe.fr\/wp-content\/uploads\/2022\/10\/aerea_2021-07-02-1-1024x761.jpg 1024w, https:\/\/cobe.fr\/wp-content\/uploads\/2022\/10\/aerea_2021-07-02-1-300x223.jpg 300w, https:\/\/cobe.fr\/wp-content\/uploads\/2022\/10\/aerea_2021-07-02-1-768x570.jpg 768w, https:\/\/cobe.fr\/wp-content\/uploads\/2022\/10\/aerea_2021-07-02-1-16x12.jpg 16w, https:\/\/cobe.fr\/wp-content\/uploads\/2022\/10\/aerea_2021-07-02-1-500x371.jpg 500w, https:\/\/cobe.fr\/wp-content\/uploads\/2022\/10\/aerea_2021-07-02-1-800x594.jpg 800w, https:\/\/cobe.fr\/wp-content\/uploads\/2022\/10\/aerea_2021-07-02-1.jpg 1100w\" sizes=\"auto, (max-width: 1024px) 100vw, 1024px\" \/><\/figure>\n\n\n\n<div style=\"height:30px\" aria-hidden=\"true\" class=\"wp-block-spacer\"><\/div>\n\n\n\n<div class=\"wp-block-responsive-block-editor-addons-advance-columns alignwide block-71ba675f-abe2-4b7d-aea5-ddd6a252ccf6 responsive-block-editor-addons-advanced-column-outer-wrap wide\"><div class=\"responsive-block-editor-addons-advanced-column alignwide\"><div class=\"responsive-columns-wrap responsive-block-editor-addons-block-columns responsive-columns__gap-default responsive-columns__stack-mobile responsive-columns__content-width-theme overlay-type-color linear\"><div class=\"responsive-columns-inner-wrap responsive-columns-columns-3\">\n<div class=\"wp-block-responsive-block-editor-addons-column responsive-block-editor-addons-advanced-column-child block-67103ef9-a93c-4f3a-b443-f411d3d56a32\"><div class=\"responsive-column-wrap responsive-block-editor-addons-block-column\"><div class=\"responsive-column-inner-wrap overlay-type-color linear\"><\/div><\/div><\/div>\n\n\n\n<div class=\"wp-block-responsive-block-editor-addons-column responsive-block-editor-addons-advanced-column-child block-336a2b5e-eee7-4f8e-8f4a-8e8f793579c3\"><div class=\"responsive-column-wrap responsive-block-editor-addons-block-column\"><div class=\"responsive-column-inner-wrap overlay-type-color linear\">\n<p>La promoci\u00f3n consta de 10 pisos, desde lofts con altillo hasta unidades de uno y dos dormitorios. Se distribuyen en las dos plantas principales, mientras que la planta superior, m\u00e1s peque\u00f1a, est\u00e1 formada por lofts con altillo.<\/p>\n\n\n\n<p>La renovaci\u00f3n conserva cuidadosamente el hueco de la escalera original, al tiempo que resalta las imponentes alturas de los techos. Las fachadas se han restaurado completamente sin alteraciones, y ahora se distinguen por el nuevo color recomendado para los edificios hist\u00f3ricos de Oporto. Tambi\u00e9n se han reformado las cinco tiendas de la planta baja.<\/p>\n\n\n\n<p>Este esfuerzo de renovaci\u00f3n ha logrado conciliar la conservaci\u00f3n del patrimonio hist\u00f3rico con la creaci\u00f3n de espacios modernos.<\/p>\n<\/div><\/div><\/div>\n\n\n\n<div class=\"wp-block-responsive-block-editor-addons-column responsive-block-editor-addons-advanced-column-child block-1904ba53-7c47-4424-bc98-e40cf3f0506e\"><div class=\"responsive-column-wrap responsive-block-editor-addons-block-column\"><div class=\"responsive-column-inner-wrap overlay-type-color linear\"><\/div><\/div><\/div>\n<\/div><\/div><\/div><\/div>\n\n\n\n<div class=\"wp-block-group is-vertical is-content-justification-center is-layout-flex wp-container-core-group-is-layout-ce155fab wp-block-group-is-layout-flex\">\n<h3 class=\"wp-block-heading\">Datos t\u00e9cnicos<\/h3>\n\n\n\n<p class=\"has-text-align-center\"><strong>Propietario del proyecto<\/strong><br>Privado<\/p>\n\n\n\n<p class=\"has-text-align-center\"><strong>Gesti\u00f3n de proyectos<\/strong><br>CoBe &amp; Di\u00e1logos contemp\u00f4raneos<\/p>\n\n\n\n<p class=\"has-text-align-center\"><strong>Misi\u00f3n CoBe<\/strong><br>Completar la misi\u00f3n arquitect\u00f3nica<\/p>\n\n\n\n<p class=\"has-text-align-center\"><strong>Programa<\/strong><br>Renovaci\u00f3n y conversi\u00f3n de una casa urbana en 10 viviendas y 5 comercios<\/p>\n\n\n\n<p class=\"has-text-align-center\"><strong>Superficie<\/strong><br>1.300 m\u00b2 SDP<\/p>\n\n\n\n<p class=\"has-text-align-center\"><strong>Coste<\/strong><br>1 MILL\u00d3N IMPUESTOS NO INCLUIDOS<\/p>\n\n\n\n<p><strong>Trabajo en curso<\/strong><\/p>\n<\/div>","protected":false},"excerpt":{"rendered":"<p>Renovaci\u00f3n y transformaci\u00f3n de una casa urbana en 10 unidades residenciales - Oporto Ficha t\u00e9cnica Propietario Privado Proyecto dirigido por CoBe &amp; Di\u00e1logos contemp\u00f4raneos Misi\u00f3n CoBe Misi\u00f3n arquitect\u00f3nica completa Programa Renovaci\u00f3n y transformaci\u00f3n de una casa urbana en 10 unidades residenciales y 5 unidades comerciales Superficie 1.300 m\u00b2 netos Coste 1 mill\u00f3n de euros sin impuestos Obras en curso<\/p>","protected":false},"author":2,"featured_media":10050,"menu_order":0,"template":"","format":"standard","meta":{"_seopress_robots_primary_cat":"","_seopress_titles_title":"R\u00e9novation et transformation d'un h\u00f4tel particulier en 10 logements - Porto","_seopress_titles_desc":"Au c\u0153ur de Porto, sur la place de Batalha, un ancien h\u00f4tel particulier est r\u00e9habilit\u00e9 par l\u2019agence CoBe Portugal. L'objectif de cette initiative est de transformer l\u2019int\u00e9rieur de ce b\u00e2timent en une r\u00e9sidence urbaine contemporaine.","_seopress_robots_index":"","_vp_format_video_url":"","_vp_image_focal_point":[],"footnotes":""},"categories":[71,80,29,68,30,70,79,32,21,77,42,45,67,28,41],"class_list":["post-10048","portfolio-item","type-portfolio-item","status-publish","format-standard","has-post-thumbnail","hentry","category-activites-architecture-design","category-activites-moe","category-architecture","category-architecture-design","category-commerces-activites","category-habitats-architecture-design","category-habitats-moe","category-logements","category-maitrise-doeuvre-dexecution","category-maitrise-doeuvre-dexecution-projets-agence-cobe","category-missioncomplete","category-portugal","category-projets-agence-cobe","category-projets","category-rehabilitation"],"blocksy_meta":{"styles_descriptor":{"styles":{"desktop":"","tablet":"","mobile":""},"google_fonts":[],"version":6}},"_links":{"self":[{"href":"https:\/\/cobe.fr\/es\/wp-json\/wp\/v2\/portfolio-item\/10048","targetHints":{"allow":["GET"]}}],"collection":[{"href":"https:\/\/cobe.fr\/es\/wp-json\/wp\/v2\/portfolio-item"}],"about":[{"href":"https:\/\/cobe.fr\/es\/wp-json\/wp\/v2\/types\/portfolio-item"}],"author":[{"embeddable":true,"href":"https:\/\/cobe.fr\/es\/wp-json\/wp\/v2\/users\/2"}],"version-history":[{"count":1,"href":"https:\/\/cobe.fr\/es\/wp-json\/wp\/v2\/portfolio-item\/10048\/revisions"}],"predecessor-version":[{"id":12831,"href":"https:\/\/cobe.fr\/es\/wp-json\/wp\/v2\/portfolio-item\/10048\/revisions\/12831"}],"wp:featuredmedia":[{"embeddable":true,"href":"https:\/\/cobe.fr\/es\/wp-json\/wp\/v2\/media\/10050"}],"wp:attachment":[{"href":"https:\/\/cobe.fr\/es\/wp-json\/wp\/v2\/media?parent=10048"}],"wp:term":[{"taxonomy":"category","embeddable":true,"href":"https:\/\/cobe.fr\/es\/wp-json\/wp\/v2\/categories?post=10048"}],"curies":[{"name":"wp","href":"https:\/\/api.w.org\/{rel}","templated":true}]}}

Hotel Praça da Batalha - Oporto | Portugal

<h2 class="wp-block-heading has-text-align-center" style="font-size:clamp(14px, 0.875rem + ((1vw - 3.2px) * 0.234), 17px);">Renovación y conversión de una casa de pueblo en 10 viviendas - Oporto</h2>



<div style="height:20px" aria-hidden="true" class="wp-block-spacer"></div>



<div class="wp-block-responsive-block-editor-addons-advance-columns alignwide block-9cfe57fa-9d90-42c7-8e60-fb290c9df050 responsive-block-editor-addons-advanced-column-outer-wrap wide"><div class="responsive-block-editor-addons-advanced-column alignwide"><div class="responsive-columns-wrap responsive-block-editor-addons-block-columns responsive-columns__gap-default responsive-columns__stack-mobile responsive-columns__content-width-theme overlay-type-color linear"><div class="responsive-columns-inner-wrap responsive-columns-columns-3">
<div class="wp-block-responsive-block-editor-addons-column responsive-block-editor-addons-advanced-column-child block-d64ddfe5-8a7e-4266-ae99-c80057c669b9"><div class="responsive-column-wrap responsive-block-editor-addons-block-column"><div class="responsive-column-inner-wrap overlay-type-color linear"></div></div></div>



<div class="wp-block-responsive-block-editor-addons-column responsive-block-editor-addons-advanced-column-child block-906606cd-df15-4217-af02-64dac455b168"><div class="responsive-column-wrap responsive-block-editor-addons-block-column"><div class="responsive-column-inner-wrap overlay-type-color linear">
<p><strong>En el corazón de Oporto, en la plaza de Batalha, la agencia CoBe Portugal está rehabilitando un antiguo palacete. El objetivo de esta iniciativa es transformar el interior de este edificio en una residencia urbana contemporánea.</strong></p>
</div></div></div>



<div class="wp-block-responsive-block-editor-addons-column responsive-block-editor-addons-advanced-column-child block-5cd6ac9f-c418-4d79-a8c1-f2427b4e06c0"><div class="responsive-column-wrap responsive-block-editor-addons-block-column"><div class="responsive-column-inner-wrap overlay-type-color linear"></div></div></div>
</div></div></div></div>



<figure class="wp-block-image aligncenter size-large"><img loading="lazy" decoding="async" width="1024" height="761" src="https://cobe.fr/wp-content/uploads/2022/10/aerea_2021-07-02-1-1024x761.jpg" alt="CoBe - Hotel Praça da Batalha Oporto" class="wp-image-10050" srcset="https://cobe.fr/wp-content/uploads/2022/10/aerea_2021-07-02-1-1024x761.jpg 1024w, https://cobe.fr/wp-content/uploads/2022/10/aerea_2021-07-02-1-300x223.jpg 300w, https://cobe.fr/wp-content/uploads/2022/10/aerea_2021-07-02-1-768x570.jpg 768w, https://cobe.fr/wp-content/uploads/2022/10/aerea_2021-07-02-1-16x12.jpg 16w, https://cobe.fr/wp-content/uploads/2022/10/aerea_2021-07-02-1-500x371.jpg 500w, https://cobe.fr/wp-content/uploads/2022/10/aerea_2021-07-02-1-800x594.jpg 800w, https://cobe.fr/wp-content/uploads/2022/10/aerea_2021-07-02-1.jpg 1100w" sizes="auto, (max-width: 1024px) 100vw, 1024px" /></figure>



<div style="height:30px" aria-hidden="true" class="wp-block-spacer"></div>



<div class="wp-block-responsive-block-editor-addons-advance-columns alignwide block-71ba675f-abe2-4b7d-aea5-ddd6a252ccf6 responsive-block-editor-addons-advanced-column-outer-wrap wide"><div class="responsive-block-editor-addons-advanced-column alignwide"><div class="responsive-columns-wrap responsive-block-editor-addons-block-columns responsive-columns__gap-default responsive-columns__stack-mobile responsive-columns__content-width-theme overlay-type-color linear"><div class="responsive-columns-inner-wrap responsive-columns-columns-3">
<div class="wp-block-responsive-block-editor-addons-column responsive-block-editor-addons-advanced-column-child block-67103ef9-a93c-4f3a-b443-f411d3d56a32"><div class="responsive-column-wrap responsive-block-editor-addons-block-column"><div class="responsive-column-inner-wrap overlay-type-color linear"></div></div></div>



<div class="wp-block-responsive-block-editor-addons-column responsive-block-editor-addons-advanced-column-child block-336a2b5e-eee7-4f8e-8f4a-8e8f793579c3"><div class="responsive-column-wrap responsive-block-editor-addons-block-column"><div class="responsive-column-inner-wrap overlay-type-color linear">
<p>La promoción consta de 10 pisos, desde lofts con altillo hasta unidades de uno y dos dormitorios. Se distribuyen en las dos plantas principales, mientras que la planta superior, más pequeña, está formada por lofts con altillo.</p>



<p>La renovación conserva cuidadosamente el hueco de la escalera original, al tiempo que resalta las imponentes alturas de los techos. Las fachadas se han restaurado completamente sin alteraciones, y ahora se distinguen por el nuevo color recomendado para los edificios históricos de Oporto. También se han reformado las cinco tiendas de la planta baja.</p>



<p>Este esfuerzo de renovación ha logrado conciliar la conservación del patrimonio histórico con la creación de espacios modernos.</p>
</div></div></div>



<div class="wp-block-responsive-block-editor-addons-column responsive-block-editor-addons-advanced-column-child block-1904ba53-7c47-4424-bc98-e40cf3f0506e"><div class="responsive-column-wrap responsive-block-editor-addons-block-column"><div class="responsive-column-inner-wrap overlay-type-color linear"></div></div></div>
</div></div></div></div>



<div class="wp-block-group is-vertical is-content-justification-center is-layout-flex wp-container-core-group-is-layout-ce155fab wp-block-group-is-layout-flex">
<h3 class="wp-block-heading">Datos técnicos</h3>



<p class="has-text-align-center"><strong>Propietario del proyecto</strong><br>Privado</p>



<p class="has-text-align-center"><strong>Gestión de proyectos</strong><br>CoBe &amp; Diálogos contempôraneos</p>



<p class="has-text-align-center"><strong>Misión CoBe</strong><br>Completar la misión arquitectónica</p>



<p class="has-text-align-center"><strong>Programa</strong><br>Renovación y conversión de una casa urbana en 10 viviendas y 5 comercios</p>



<p class="has-text-align-center"><strong>Superficie</strong><br>1.300 m² SDP</p>



<p class="has-text-align-center"><strong>Coste</strong><br>1 MILLÓN IMPUESTOS NO INCLUIDOS</p>



<p><strong>Trabajo en curso</strong></p>
</div>

<p>Renovación y transformación de una casa urbana en 10 unidades residenciales - Oporto Ficha técnica Propietario Privado Proyecto dirigido por CoBe &amp; Diálogos contempôraneos Misión CoBe Misión arquitectónica completa Programa Renovación y transformación de una casa urbana en 10 unidades residenciales y 5 unidades comerciales Superficie 1.300 m² netos Coste 1 millón de euros sin impuestos Obras en curso</p>

Rénovation et transformation d'un hôtel particulier en 10 logements - Porto

Au cœur de Porto, sur la place de Batalha, un ancien hôtel particulier est réhabilité par l’agence CoBe Portugal. L'objectif de cette initiative est de transformer l’intérieur de ce bâtiment en une résidence urbaine contemporaine.
